 1056608458?
2, 41, 12885469
What are the prime factors of 97553948?
2, 23, 46103
List the prime factors of 1039223379.
3, 17, 71, 286999
List the prime factors of 4490395952.
2, 7, 40092821
What are the prime factors of 404305940?
2, 5, 19, 1063963
List the prime factors of 100106487.
3, 13, 439, 1949
List the prime factors of 60363122.
2, 30181561
What are the prime factors of 291667088?
2, 1433, 12721
List the prime factors of 52451794.
2, 89, 294673
List the prime factors of 772620707.
157, 4921151
What are the prime factors of 261073930?
2, 5, 13, 17, 6949
List the prime factors of 180011923.
7, 13, 1978153
What are the prime factors of 143025810?
2, 3, 5, 4767527
What are the prime factors of 226673458?
2, 11, 19, 542281
List the prime factors of 322166429.
13, 1619, 15307
What are the prime factors of 25820678?
2, 13, 993103
What are the prime factors of 12102144?
2, 3, 7879
What are the prime factors of 8691591549?
3, 59, 67, 732911
List the prime factors of 171602431.
7, 11, 13, 13187
List the prime factors of 743970236.
2, 23, 103, 78511
What are the prime factors of 1055776828?
2, 751, 351457
What are the prime factors of 49134580?
2, 5, 11, 223339
What are the prime factors of 22956811?
22956811
List the prime factors of 5396627388.
2, 3, 449718949
What are the prime factors of 65742805?
5, 71, 109, 1699
What are the prime factors of 218783927?
218783927
What are the prime factors of 133730252?
2, 29, 79, 14593
List the prime factors of 662481095.
5, 269, 492551
List the prime factors of 1087409887.
7673, 141719
List the prime factors of 73850611.
73850611
What are the prime factors of 366439673?
41, 433, 20641
List the prime factors of 274209769.
274209769
What are the prime factors of 2651592889?
11, 7177, 33587
What are the prime factors of 2733334121?
7, 1949, 28621
List the prime factors of 746942354.
2, 139, 811, 3313
What are the prime factors of 19144229?
13, 19, 179, 433
What are the prime factors of 45970676?
2, 41, 59, 4751
What are the prime factors of 41959636?
2, 23, 29, 15727
What are the prime factors of 45578396?
2, 11394599
What are the prime factors of 105569916?
2, 3, 41, 229, 937
List the prime factors of 283030398.
2, 3, 7, 2246273
What are the prime factors of 231793202?
2, 89, 1302209
List the prime factors of 1393506312.
2, 3, 11, 1279, 4127
List the prime factors of 149982692.
2, 109, 343997
What are the prime factors of 2890798742?
2, 13, 8552659
What are the prime factors of 282424948?
2, 13, 5431249
What are the prime factors of 53460801?
3, 17, 79, 4423
What are the prime factors of 1042402026?
2, 3, 173733671
List the prime factors of 1359340826.
2, 19, 991, 36097
What are the prime factors of 1587150611?
15551, 102061
List the prime factors of 1317255945.
3, 5, 87817063
What are the prime factors of 537749052?
2, 3, 151, 296771
List the prime factors of 45905796.
2, 3, 683, 1867
What are the prime factors of 208822892?
2, 2687, 19429
What are the prime factors of 391574067?
3, 41, 61, 52189
What are the prime factors of 97398504?
2, 3, 7, 37, 1741
What are the prime factors of 417174199?
13, 32090323
What are the prime factors of 302228527?
302228527
What are the prime factors of 1397027924?
2, 233, 313, 4789
What are the prime factors of 36960440?
2, 5, 11, 167, 503
What are the prime factors of 45688581?
3, 5076509
List the prime factors of 2409597991.
7691, 313301
List the prime factors of 34529873.
7, 17, 79, 3673
What are the prime factors of 53136335?
5, 7, 73, 2971
What are the prime factors of 457747356?
2, 3, 11, 367, 859
List the prime factors of 104491615.
5, 20898323
What are the prime factors of 1055213069?
17, 62071357
What are the prime factors of 391224228?
2, 3, 73, 446603
List the prime factors of 1871502190.
2, 5, 187150219
List the prime factors of 428257941.
3, 43, 3319829
What are the prime factors of 242251510?
2, 5, 24225151
What are the prime factors of 131053105?
5, 1097, 23893
What are the prime factors of 49635035?
5, 23, 71, 6079
List the prime factors of 643333682.
2, 97, 3316153
List the prime factors of 171483597.
3, 19053733
List the prime factors of 698594660.
2, 5, 19, 1838407
List the prime factors of 736551981.
3, 11, 683, 3631
List the prime factors of 122500179.
3, 269, 50599
List the prime factors of 10628154.
2, 3, 109, 5417
List the prime factors of 879818219.
7, 125688317
What are the prime factors of 408700029?
3, 1997, 68219
List the prime factors of 34202448.
2, 3, 7, 33931
List the prime factors of 50908921.
7, 41, 177383
What are the prime factors of 406038898?
2, 1831, 110879
What are the prime factors of 265536362?
2, 7, 13, 17, 19, 4517
List the prime factors of 2349535192.
2, 23, 12769213
List the prime factors of 148519475.
5, 13, 149, 3067
List the prime factors of 1342470172.
2, 193, 1738951
What are the prime factors of 95913523?
479, 200237
List the prime factors of 4190195.
5, 838039
What are the prime factors of 27111139?
11, 20369
List the prime factors of 387602011.
16451, 23561
What are the prime factors of 194891046?
2, 3, 7, 47, 98729
What are the prime factors of 6969553859?
6969553859
What are the prime factors of 1710862852?
2, 61, 7011733
List the prime factors of 332623050.
2, 3, 5, 103, 21529
What are the prime factors of 594646474?
2, 297323237
List the prime factors of 278182701.
3, 181, 56923
List the prime factors of 811869296.
2, 7, 7248833
List the prime factors of 1145251289.
7, 13, 12585179
What are the prime factors of 2009816301?
3, 669938767
What are the prime factors of 3255263129?
34819, 93491
What are the prime factors of 78007918?
2, 79, 493721
List the prime factors of 69172173.
3, 7, 101, 1553
What are the prime factors of 105577359?
3, 35192453
List the prime factors of 152560675.
5, 67, 91081
List the prime factors of 652941215.
5, 130588243
List the prime factors of 3272902481.
47, 53, 1313891
What are the prime factors of 667853263?
7, 11, 8673419
List the prime factors of 1326958.
2, 463, 1433
List the prime factors of 1127275608.
2, 3, 61, 769997
List the prime factors of 1397944.
2, 17, 19, 541
What are the prime factors of 75523943?
11, 1553, 4421
List the prime factors of 43666900.
2, 5, 283, 1543
List the prime factors of 515727877.
7, 67, 1099633
What are the prime factors of 61697104?
2, 7, 19, 79, 367
What are the prime factors of 63526415?
5, 311, 40853
List the prime factors of 103026368.
2, 103, 15629
List the prime factors of 225752913.
3, 2787073
List the prime factors of 6612411.
3, 13, 43, 3943
List the prime factors of 42398847.
3, 4710983
What are the prime factors of 1476502821?
3, 164055869
What are the prime factors of 185444211?
3, 17, 661, 5501
List the prime factors of 361592026.
2, 181, 631, 1583
What are the prime factors of 26437476?
2, 3, 13, 169471
List the prime factors of 1224065577.
3, 7, 58288837
List the prime factors of 441452229.
3, 147150743
List the prime factors of 290569827.
3, 911, 106319
What are the prime factors of 1368617989?
1997, 685337
List the prime factors of 1660006792.
2, 207500849
What are the prime factors of 1685391680?
2, 5, 7, 139, 5413
List the prime factors of 55368225.
3, 5, 11, 7457
List the prime factors of 129937187.
47, 67, 41263
List the prime factors of 132681284.
2, 107, 151, 2053
List the prime factors of 67980718.
2, 13, 61, 42863
What are the prime factors of 2101486588?
2, 525371647
List the prime factors of 373708416.
2, 3, 17, 19, 23, 131
What are the prime factors of 28545326?
2, 89, 160367
What are the prime factors of 147944250?
2, 3, 5, 47, 1399
What are the prime factors of 97810646?
2, 48905323
What are the prime factors of 651604454?
2, 325802227
What are the prime factors of 95691895?
5, 13, 17, 86599
What are the prime factors of 2502110699?
11, 4273, 53233
List the prime factors of 1036909890.
2, 3, 5, 379, 10133
List the prime factors of 12586903.
7, 1798129
What are the prime factors of 50570081?
50570081
What are the prime factors of 2514530249?
7, 11, 31, 37, 71, 401
What are the prime factors of 217747654?
2, 108873827
List the prime factors of 4230726191.
23, 6053, 30389
List the prime factors of 1407339529.
1407339529
What are the prime factors of 542950405?
5, 1877, 57853
What are the prime factors of 15149130?
2, 3,